1662530 (base 10) in base 14?
-313c42
2011101120 (base 3) to base 4
22121013
-103279 (base 10) to base 15
-20904
Convert 11101001111010101100 (base 2) to base 6.
32311432
-74cc1 (base 14) to base 6
-10015241
What is 649379 (base 12) in base 9?
2885743
69632 (base 14) to base 16
3e99c
Convert 11203324 (base 6) to base 10.
342916
What is 3162149 (base 11) in base 8?
25167720
148384 (base 9) to base 16
16534
Convert 5814 (base 10) to base 4.
1122312
2112011211020 (base 3) to base 10
1341960
What is 84216 (base 10) in base 16?
148f8
-100000000111001 (base 2) to base 5
-1011231
Convert 33b681 (base 13) to base 4.
10223002100
What is -976b31 (base 14) in base 3?
-100122112021121
Convert -23002203202 (base 4) to base 14.
-55497c
What is -191171 (base 16) in base 9?
-3073525
Convert 4674a (base 13) to base 2.
11111011010011111
Convert 562443 (base 7) to base 5.
11134404
Convert -9237c (base 16) to base 11.
-379a72
What is -403532545 (base 6) in base 3?
-110222122112202
110102110202 (base 3) to base 5
30311214
What is -432327 (base 9) in base 3?
-111002100221
Convert -5203142 (base 6) to base 13.
-89777
Convert 58e81 (base 16) to base 2.
1011000111010000001
What is -1101101100110011111 (base 2) in base 8?
-1554637
Convert -1394d4 (base 15) to base 5.
-220131344
What is 111121222112 (base 3) in base 8?
1013743
What is -211110111121 (base 3) in base 16?
-6bf1d
Convert 130211442 (base 5) to base 3.
1012010002221
Convert -63d24 (base 15) to base 3.
-121002121121
1120444 (base 10) to base 5
241323234
34276 (base 11) to base 8
140644
-15103076 (base 10) to base 15
-14d4ebb
What is 15135057 (base 8) in base 12?
11a7893
-35d80 (base 14) to base 7
-1055520
10001101100111110110000 (base 2) to base 5
2142000223
Convert 202100313 (base 5) to base 7.
6635105
What is -11706815 (base 9) in base 12?
-1b05705
Convert 320301113132 (base 4) to base 11.
84452a7
Convert 63608 (base 9) to base 7.
233405
115ca7 (base 13) to base 2
1100100110101001100
-1c8235 (base 13) to base 11
-45aa4a
-2102600 (base 11) to base 3
-20222100211002
What is 290d6d (base 15) in base 6?
110214351
What is -2001220012121 (base 3) in base 16?
-10c9b4
What is -3230303 (base 4) in base 11?
-10428
What is -3ca747 (base 15) in base 9?
-5441784
-1001110011000100001 (base 2) to base 6
-10514213
What is 2341205 (base 8) in base 6?
21413113
-763432 (base 9) to base 3
-212010111002
Convert 334101 (base 5) to base 12.
6994
What is -856526 (base 9) in base 5?
-112310000
Convert 511484 (base 15) to base 6.
214320511
Convert 1011000010010011001 (base 2) to base 16.
58499
-766255 (base 11) to base 14
-23bc43
Convert -934807 (base 10) to base 15.
-136ea7
Convert 68359 (base 12) to base 8.
416765
Convert -4411417 (base 9) to base 7.
-26066266
Convert 12452551 (base 8) to base 11.
1625481
89547 (base 11) to base 8
375343
Convert 31223222121 (base 4) to base 5.
1404233323
What is -101010011001011100001 (base 2) in base 3?
-2121120201212
What is 10b5046 (base 12) in base 9?
6051730
Convert 3b4ebe (base 15) to base 12.
b56445
Convert -2b45 (base 15) to base 6.
-111002
4233146 (base 9) to base 10
2265855
What is -10010001110010011000 (base 2) in base 5?
-123102034
Convert -1101122102000 (base 3) to base 7.
-6204144
Convert 261234 (base 11) to base 9.
686486
Convert 132143 (base 13) to base 9.
773162
What is 111001000010111100011 (base 2) in base 13?
505ab0
-14254534 (base 7) to base 12
-548334
What is -10243134 (base 5) in base 2?
-10101010011111110
-554040055 (base 6) to base 3
-200210112011022
What is 110000110100111100000001 (base 2) in base 4?
300310330001
-1aa725 (base 11) to base 16
-4e86d
Convert -1213531 (base 7) to base 15.
-30daa
Convert -230122010 (base 4) to base 14.
-4a404
What is 560219 (base 10) in base 2?
10001000110001011011
-12723223 (base 8) to base 4
-22322122103
What is 21200220110112 (base 3) in base 12?
145421b
What is 2216aa (base 11) in base 6?
11324505
-381410 (base 12) to base 14
-19b4ba
-8563b7 (base 13) to base 8
-13733314
What is -202111101020002 (base 3) in base 7?
-161403356
What is -1000111001111010010 (base 2) in base 16?
-473d2
Convert 2710c7 (base 15) to base 5.
440023222
-1321222332 (base 4) to base 14
-cd898
What is 2353454 (base 6) in base 11?
85139
Convert -11032230310 (base 4) to base 5.
-322332212
What is -b97988 (base 12) in base 9?
-5466155
-12612734 (base 9) to base 13
-1395031
-220001010212022 (base 3) to base 13
-2854907
What is -310200232 (base 6) in base 9?
-11030412
35212342 (base 6) to base 14
2055b0
Convert -4422450 (base 10) to base 12.
-1593356
Convert 2613340 (base 10) to base 6.
132002444
Convert 4103016 (base 7) to base 15.
99ad0
What is -1543525 (base 6) in base 9?
-148538
Convert -226460 (base 8) to base 3.
-10220202201
What is -160e8 (base 15) in base 13?
-26489
-44244413 (base 5) to base 12
-16651a
Convert 14514127 (base 8) to base 13.
8c1316
-3430291 (base 11) to base 9
-12258688
What is -520a9a (base 13) in base 14?
-37c068
What is 454631 (base 7) in base 14?
216c1
Convert -23263455 (base 7) to base 11.
-117a757
Convert -11100011011110001000 (base 2) to base 9.
-1670064
Convert 651221 (base 16) to base 2.
11001010001001000100001
What is 808296 (base 13) in base 7?
34254324
8a2 (base 15) to base 13
b72
What is 1ed3eb (base 16) in base 15?
29d93b
6d03cd (base 14) to base 10
3727121
What is -1908b5b (base 13) in base 6?
-451255113
105302211 (base 7) to base 12
218a203
-189255 (base 10) to base 3
-100121121110
-11010110100000101 (base 2) to base 5
-12003304
166321 (base 9) to base 6
2113031
Convert -1a61e (base 16) to base 8.
-323036
-192031 (base 13) to base 16
-9a7c8
Convert 2100840 (base 9) to base 3.
2010000221100
What is 144c153 (base 14) in base 13?
2076594
Convert 12110111231 (base 4) to base 2.
110010100010101101101
What is -45624 (base 11) in base 10?
-65971
What is 3018686 (base 9) in base 6?
54241040
What is -2214620 (base 8) in base 4?
-2101212100
23551713 (base 8) to base 5
2310303102
13231032100 (base 4) to base 8
7551620
What is 207412 (base 10) in base 2?
110010101000110100
What is 215b2b (base 12) in base 9?
885158
Convert 110100100011001111000111 (base 2) to base 9.
27825771
Convert 410604 (base 8) to base 5.
13314211
101201110101 (base 3) to base 11
1345a2
What is 3304430 (base 9) in base 16?
1b1491
Convert -683676 (base 9) to base 2.
-1100011111110110100
1b66b5 (base 12) to base 4
1313031221
What is -4430219 (base 11) in base 13?
-17c2999
Convert -50627 (base 10) to base 2.
-1100010111000011
Convert -121020221120 (base 3) to base 12.
-135220
Convert -268012 (base 9) to base 11.
-101771
Convert 76740 (base 8) to base 4.
13313200
What is 17e2e (base 15) in base 14?
2031a
-223501114 (base 6) to base 13
-b064a3
Convert 50736 (base 14) to base 8.
571734
-24d54 (base 14) to base 10
-90430
What is -6b28e8 (base 15) in base 13?
-10a440a
What is -ebd9a1 (base 16) in base 7?
-245244121
What is 11112233221 (base 4) in base 14?
287893
Convert -328cb4a (base 13) to base 5.
-12430323121
What is 76957b (base 13) in base 15?
3a200c
-111111110111000110 (base 2) to base 3
-111021210221
What is -11022210 (base 5) in base 6?
-2013121
Convert 136874 (base 9) to base 2.
10100011101101101
What is 12131302122 (base 4) in base 14?
321946
What is 32020022031 (base 4) in base 2?
1110001000001010001101
-830243 (base 10) to base 8
-3125443
Convert 19788 (base 13) to base 11.
34318
Convert 641450 (base 7) to base 9.
178255
-100112121121 (base 3) to base 16
-2dd99
Convert -10101100101010000 (base 2) to base 15.
-1b2d5
What is 30030554 (base 6) in base 5?
204001120
Convert -2112121010 (base 3) to base 5.
-3100012
76b9f2 (base 16) to base 13
17c576c
What is 47120 (base 8) in base 12?
b728
-d6963a (base 15) to base 9
-21176831
-5354642 (base 8) to base 2
-101011101100110100010
Convert 4c22b (base 13) to base 10.
140983
What is 14020040 (base 5) in base 14?
399d5
Convert -201210212022101 (base 3) to base 11.
-5a406a0
-4434340 (base 8) to base 14
-2312c8
What is -cc993 (base 16) in base 4?
-3030212103
2dce3 (base 16) to base 15
3a8ce
Convert -11101001101010 (base 2) to base 5.
-434304
74e8 (base 16) to base 4
13103220
What is 2ed7e (base 16) in base 5?
22114440
11010011010100110110 (base 2) to base 7
10233405
68186 (base 13) to base 3
100121120012
What is 307015 (base 10)